{"id":1337,"date":"2015-12-24T19:26:59","date_gmt":"2015-12-24T18:26:59","guid":{"rendered":"http:\/\/www.aek.eus\/blogak\/bilbo\/?page_id=1337"},"modified":"2016-12-13T21:47:56","modified_gmt":"2016-12-13T20:47:56","slug":"gure-euskaltegiak-2","status":"publish","type":"page","link":"http:\/\/www.aek.eus\/blogak\/bilbo\/gure-euskaltegiak-2\/","title":{"rendered":"[:eu]KONTAKTUA[:es]Contacto[:]"},"content":{"rendered":"<p>[:eu]Zenbait euskaltegik osatzen dugu Bilboko AEK, eta modu koordinatuan funtzionatzen dugu zuongandik albait hurbilen egoteko; horregatik, matrikula egin nahi edo informazioa behar baduzue, ez izan zalantzarik eta jo gure edozein euskaltegitara.<\/p>\n<p>El AEK de Bilbao est\u00e1 conformado por varios euskaltegis repartidos en toda la villa. Funcionamos de un modo coordinado para poder estar lo m\u00e1s cerca posible de vosotros; por eso, en caso de querer hacer la matr\u00edcula o necesitar informaci\u00f3n, no dud\u00e9is en acudir a cualquiera de nuestros centros.<\/p>\n<hr \/>\n<p><a href=\"http:\/\/www.aek.eus\/blogak\/bilbo\/indautxu-2\/\"><strong>INDAUTXU AEK<\/strong><\/a><\/p>\n<p>Urkijo 88-1, 94 441 3474<\/p>\n<p>indautxu@aek.eus<\/p>\n<p><a href=\"https:\/\/www.facebook.com\/indautxu.aek?ref=ts&amp;fref=ts\" target=\"_blank\">Facebook<\/a><\/p>\n<p>Bulego ordutegia \/ Horario oficina: 10:00-14:00 \/ 16:00-20:00<\/p>\n<hr \/>\n<p><a href=\"http:\/\/www.aek.eus\/blogak\/bilbo\/indautxu-2\/\"><strong>IRALA AEK<\/strong><\/a><\/p>\n<p>Kiriki\u00f1o 22, 94 421 1304<\/p>\n<p>urtats@aek.eus<\/p>\n<p>Bulego ordutegia \/ Horario oficina: 10:00-14:00 \/ 16:00-20:00<\/p>\n<hr \/>\n<p><a href=\"http:\/\/www.aek.eus\/blogak\/bilbo\/larrako\/\"><strong>LARRAKO AEK<\/strong><\/a><\/p>\n<p>Larrako Torre 24<\/p>\n<p>larrako@aek.eus<\/p>\n<p>Bulego ordutegia \/ Horario oficina: 09:00-13:30 \/ 16:30-18:30<\/p>\n<hr \/>\n<p><a href=\"http:\/\/www.aek.eus\/blogak\/bilbo\/lizardi-aek\/\"><strong>\u00a0LIZARDI AEK<\/strong><\/a><\/p>\n<p>Perro kalea 1-1, 94 416 8200<\/p>\n<p>lizardi@aek.eus<\/p>\n<p><a href=\"https:\/\/www.facebook.com\/indautxu.aek?ref=ts&amp;fref=ts\" target=\"_blank\">Facebook<\/a><\/p>\n<p>Bulego ordutegia \/ Horario oficina: 09:00-13:00 \/ 16:00-18:00 (ostiraletan goizez baino ez)<\/p>\n<hr \/>\n<p><a href=\"http:\/\/www.aek.eus\/blogak\/bilbo\/larrako\/\"><strong>MATXINTXU AEK<\/strong><\/a><\/p>\n<p>Ram\u00f3n y Cajal 8-behea, 94 475 2233<\/p>\n<p>matxintxu@aek.eus<\/p>\n<p>Bulego ordutegia \/ Horario oficina: 09:00-13:30 \/ 16:30-18:30<\/p>\n<hr \/>\n<p><a href=\"http:\/\/www.aek.eus\/blogak\/bilbo\/santutxu\/\"><strong>SANTUTXU AEK<\/strong><\/a><\/p>\n<p>Arbidea 21-behea, 94 411 7656<\/p>\n<p>santutxu@aek.eus<\/p>\n<p><a href=\"https:\/\/www.facebook.com\/santutxu.aek?fref=ts\" target=\"_blank\">Facebook<\/a><\/p>\n<p>Bulego ordutegia \/ Horario oficina: 09:00-13:30 \/ 16:30-18:30<\/p>\n<hr \/>\n<p><a href=\"http:\/\/www.aek.eus\/blogak\/bilbo\/zorrotza\/\"><strong>ZORROTZA AEK<\/strong><\/a><\/p>\n<p>Zalbidea 7-behea, 94 441 4920<\/p>\n<p><a href=\"https:\/\/www.facebook.com\/zorrotza.aek\" target=\"_blank\">Facebook<\/a><\/p>\n<p>zorrotza@aek.eus<\/p>\n<p>Bulego ordutegia \/ Horario oficina: 9:00-13:30[:es]El AEK de Bilbao est\u00e1 conformado por varios euskaltegis repartidos en toda la villa. Funcionamos de un modo coordinado para poder estar lo m\u00e1s cerca posible de vosotros; por eso, en caso de querer hacer la matr\u00edcula o necesitar informaci\u00f3n, no dud\u00e9is en acudir a cualquiera de nuestros centros.<\/p>\n<hr \/>\n<p><a href=\"http:\/\/www.aek.eus\/blogak\/bilbo\/indautxu-2\/\"><strong>INDAUTXU AEK<\/strong><\/a><\/p>\n<p>Urkijo 88-1, 94 441 3474<\/p>\n<p>indautxu@aek.eus<\/p>\n<p><a href=\"https:\/\/www.facebook.com\/indautxu.aek?ref=ts&amp;fref=ts\" target=\"_blank\">Facebook<\/a><\/p>\n<p>Bulego ordutegia \/ Horario oficina: 10:00-14:00 \/ 16:00-20:00<\/p>\n<hr \/>\n<p><a href=\"http:\/\/www.aek.eus\/blogak\/bilbo\/indautxu-2\/\"><strong>IRALA AEK<\/strong><\/a><\/p>\n<p>Kiriki\u00f1o 22, 94 421 1304<\/p>\n<p>urtats@aek.eus<\/p>\n<p>Bulego ordutegia \/ Horario oficina: 10:00-14:00 \/ 16:00-20:00<\/p>\n<hr \/>\n<p><a href=\"http:\/\/www.aek.eus\/blogak\/bilbo\/larrako\/\"><strong>LARRAKO AEK<\/strong><\/a><\/p>\n<p>Larrako Torre 24<\/p>\n<p>larrako@aek.eus<\/p>\n<p>Bulego ordutegia \/ Horario oficina: 09:00-13:30 \/ 16:30-18:30<\/p>\n<hr \/>\n<p><a href=\"http:\/\/www.aek.eus\/blogak\/bilbo\/lizardi-aek\/\"><strong>\u00a0LIZARDI AEK<\/strong><\/a><\/p>\n<p>Perro kalea 1-1, 94 416 8200<\/p>\n<p>lizardi@aek.eus<\/p>\n<p><a href=\"https:\/\/www.facebook.com\/indautxu.aek?ref=ts&amp;fref=ts\" target=\"_blank\">Facebook<\/a><\/p>\n<p>Bulego ordutegia \/ Horario oficina: 09:00-13:00 \/ 16:00-18:00 (viernes s\u00f3lo por la ma\u00f1ana)<\/p>\n<hr \/>\n<p><a href=\"http:\/\/www.aek.eus\/blogak\/bilbo\/larrako\/\"><strong>MATXINTXU AEK<\/strong><\/a><\/p>\n<p>Ram\u00f3n y Cajal 8-behea, 94 475 2233<\/p>\n<p>matxintxu@aek.eus<\/p>\n<p>Bulego ordutegia \/ Horario oficina: 09:00-13:30 \/ 16:30-18:30<\/p>\n<hr \/>\n<p><a href=\"http:\/\/www.aek.eus\/blogak\/bilbo\/santutxu\/\"><strong>SANTUTXU AEK<\/strong><\/a><\/p>\n<p>Arbidea 21-behea, 94 411 7656<\/p>\n<p>santutxu@aek.eus<\/p>\n<p><a href=\"https:\/\/www.facebook.com\/santutxu.aek?fref=ts\" target=\"_blank\">Facebook<\/a><\/p>\n<p>Bulego ordutegia \/ Horario oficina: 09:00-13:30 \/ 16:30-18:30<\/p>\n<hr \/>\n<p><a href=\"http:\/\/www.aek.eus\/blogak\/bilbo\/zorrotza\/\"><strong>ZORROTZA AEK<\/strong><\/a><\/p>\n<p>Zalbidea 7-behea, 94 441 4920<\/p>\n<p><a href=\"https:\/\/www.facebook.com\/zorrotza.aek\" target=\"_blank\">Facebook<\/a><\/p>\n<p>zorrotza@aek.eus<\/p>\n<p>Bulego ordutegia \/ Horario oficina: 9:00-13:30[:]<\/p>\n","protected":false},"excerpt":{"rendered":"<p>[:eu]Zenbait euskaltegik osatzen dugu Bilboko AEK, eta modu koordinatuan funtzionatzen dugu zuongandik albait hurbilen egoteko; horregatik, matrikula egin nahi edo informazioa behar baduzue, ez izan zalantzarik eta jo gure edozein euskaltegitara. El AEK de Bilbao est\u00e1 conformado por varios euskaltegis repartidos en toda la villa. Funcionamos de un modo coordinado para poder estar lo m\u00e1s [&hellip;]<\/p>\n","protected":false},"author":32,"featured_media":0,"parent":0,"menu_order":0,"comment_status":"closed","ping_status":"closed","template":"","meta":{"footnotes":""},"class_list":["post-1337","page","type-page","status-publish","czr-hentry"],"featured_image_src":null,"featured_image_src_square":null,"_links":{"self":[{"href":"http:\/\/www.aek.eus\/blogak\/bilbo\/wp-json\/wp\/v2\/pages\/1337","targetHints":{"allow":["GET"]}}],"collection":[{"href":"http:\/\/www.aek.eus\/blogak\/bilbo\/wp-json\/wp\/v2\/pages"}],"about":[{"href":"http:\/\/www.aek.eus\/blogak\/bilbo\/wp-json\/wp\/v2\/types\/page"}],"author":[{"embeddable":true,"href":"http:\/\/www.aek.eus\/blogak\/bilbo\/wp-json\/wp\/v2\/users\/32"}],"replies":[{"embeddable":true,"href":"http:\/\/www.aek.eus\/blogak\/bilbo\/wp-json\/wp\/v2\/comments?post=1337"}],"version-history":[{"count":14,"href":"http:\/\/www.aek.eus\/blogak\/bilbo\/wp-json\/wp\/v2\/pages\/1337\/revisions"}],"predecessor-version":[{"id":2259,"href":"http:\/\/www.aek.eus\/blogak\/bilbo\/wp-json\/wp\/v2\/pages\/1337\/revisions\/2259"}],"wp:attachment":[{"href":"http:\/\/www.aek.eus\/blogak\/bilbo\/wp-json\/wp\/v2\/media?parent=1337"}],"curies":[{"name":"wp","href":"https:\/\/api.w.org\/{rel}","templated":true}]}}