{"id":2188,"date":"2016-10-19T16:26:09","date_gmt":"2016-10-19T14:26:09","guid":{"rendered":"http:\/\/www.aek.eus\/blogak\/bilbo\/?page_id=2188"},"modified":"2016-10-19T23:33:33","modified_gmt":"2016-10-19T21:33:33","slug":"aurkezpen-jaia","status":"publish","type":"page","link":"http:\/\/www.aek.eus\/blogak\/bilbo\/aurkezpen-jaia\/","title":{"rendered":"[:eu]Aurkezpen jaia[:es]Fiesta de inicio de curso[:]"},"content":{"rendered":"<p>[:eu]Aurten animatu gara eta ikasturteari ekin diogu &#8220;a lo grande&#8221;!!! A lo locooooo!!!<\/p>\n<p>Gaur, urriak 19, kurtso hasierako jaia ospatu dugu Bilborocken: <strong>100 ikasle baino gehiago etorri zarete<\/strong> (<strong><span style=\"color: #ff0000\">ESKERRIK ASKO!!!<\/span><\/strong>) eta gurekin izan dugu<span style=\"color: #0000ff\"><strong> KIKE AMONARRIZ!!!<\/strong><\/span><\/p>\n<p>Primeran pasa dugu Kikerekin!!!: barre eragin digu, entretenitu gaitu&#8230; euskararekin eta euskaraz barre egin dugu!!! Gure ikasle gaixoen sufrimenduak, frustrazioak, garaipen txikiak (edo handiak!), esfortzuak&#8230; horiek guztiak maisuki elkartu ditu ikas-prozesua &#8220;deskribatu&#8221; duen bakarrizketan!!! <strong><span style=\"color: #0000ff\">ZORAGARRI, KIKE!!!<\/span> <\/strong><\/p>\n<p>Jarraian, nola ez, Berbaditza lehiaketara pasatu gara: tribial, abestiak&#8230; maila diferenteetako ikasleak nahastu ditugu taldeak eratzeko, eta ondo baino hobeto aritu zarete!!! Irabazleek bere oparitxo jaso ondoren, batzuk animatu dira poteatzera!!! Hori baino ohitura euskaldunagorik ez dago!!!<\/p>\n<h2 style=\"text-align: center\"><span style=\"color: #008080\"><strong>ZORIONAK GUZTIOI&#8230; ETA ESKERRIK ASKO KIKERI!!!<\/strong><\/span><\/h2>\n<h2 style=\"text-align: center\"><span style=\"color: #008080\"><strong>FIN-FIN ARITU ZARETE GUZTIOK!!!<\/strong><\/span><\/h2>\n<p><a href=\"http:\/\/www.aek.eus\/blogak\/bilbo\/files\/2016\/10\/30132198050_47b0ff42ff_o.jpg\"><img loading=\"lazy\" decoding=\"async\" class=\"aligncenter wp-image-2197\" src=\"http:\/\/www.aek.eus\/blogak\/bilbo\/files\/2016\/10\/30132198050_47b0ff42ff_o-1024x578.jpg\" alt=\"30132198050_47b0ff42ff_o\" width=\"600\" height=\"339\" srcset=\"http:\/\/www.aek.eus\/blogak\/bilbo\/files\/2016\/10\/30132198050_47b0ff42ff_o-1024x578.jpg 1024w, http:\/\/www.aek.eus\/blogak\/bilbo\/files\/2016\/10\/30132198050_47b0ff42ff_o-300x169.jpg 300w\" sizes=\"auto, (max-width: 600px) 100vw, 600px\" \/><\/a><\/p>\n<table style=\"height: 440px\" width=\"791\">\n<tbody>\n<tr>\n<td><a href=\"http:\/\/www.aek.eus\/blogak\/bilbo\/files\/2016\/10\/IMG_20161019_101408581.jpg\"><img loading=\"lazy\" decoding=\"async\" class=\"size-medium wp-image-2192 alignright\" src=\"http:\/\/www.aek.eus\/blogak\/bilbo\/files\/2016\/10\/IMG_20161019_101408581-300x169.jpg\" alt=\"IMG_20161019_101408581\" width=\"300\" height=\"169\" srcset=\"http:\/\/www.aek.eus\/blogak\/bilbo\/files\/2016\/10\/IMG_20161019_101408581-300x169.jpg 300w, http:\/\/www.aek.eus\/blogak\/bilbo\/files\/2016\/10\/IMG_20161019_101408581-1024x576.jpg 1024w\" sizes=\"auto, (max-width: 300px) 100vw, 300px\" \/><\/a><\/td>\n<td><a href=\"http:\/\/www.aek.eus\/blogak\/bilbo\/files\/2016\/10\/IMG-20161019-WA0011.jpg\"><img loading=\"lazy\" decoding=\"async\" class=\"wp-image-2191 alignleft\" src=\"http:\/\/www.aek.eus\/blogak\/bilbo\/files\/2016\/10\/IMG-20161019-WA0011-300x225.jpg\" alt=\"IMG-20161019-WA0011\" width=\"223\" height=\"167\" srcset=\"http:\/\/www.aek.eus\/blogak\/bilbo\/files\/2016\/10\/IMG-20161019-WA0011-300x225.jpg 300w, http:\/\/www.aek.eus\/blogak\/bilbo\/files\/2016\/10\/IMG-20161019-WA0011-1024x768.jpg 1024w, http:\/\/www.aek.eus\/blogak\/bilbo\/files\/2016\/10\/IMG-20161019-WA0011.jpg 1600w\" sizes=\"auto, (max-width: 223px) 100vw, 223px\" \/><\/a><\/td>\n<\/tr>\n<tr>\n<td><a href=\"http:\/\/www.aek.eus\/blogak\/bilbo\/files\/2016\/10\/IMG-20161019-WA0027.jpg\"><img loading=\"lazy\" decoding=\"async\" class=\"size-medium wp-image-2190 alignright\" src=\"http:\/\/www.aek.eus\/blogak\/bilbo\/files\/2016\/10\/IMG-20161019-WA0027-300x225.jpg\" alt=\"IMG-20161019-WA0027\" width=\"300\" height=\"225\" srcset=\"http:\/\/www.aek.eus\/blogak\/bilbo\/files\/2016\/10\/IMG-20161019-WA0027-300x225.jpg 300w, http:\/\/www.aek.eus\/blogak\/bilbo\/files\/2016\/10\/IMG-20161019-WA0027-1024x768.jpg 1024w, http:\/\/www.aek.eus\/blogak\/bilbo\/files\/2016\/10\/IMG-20161019-WA0027.jpg 1600w\" sizes=\"auto, (max-width: 300px) 100vw, 300px\" \/><\/a><\/td>\n<td><a href=\"http:\/\/www.aek.eus\/blogak\/bilbo\/files\/2016\/10\/IMG-20161019-WA0016.jpg\"><img loading=\"lazy\" decoding=\"async\" class=\"size-medium wp-image-2189 alignleft\" src=\"http:\/\/www.aek.eus\/blogak\/bilbo\/files\/2016\/10\/IMG-20161019-WA0016-300x225.jpg\" alt=\"IMG-20161019-WA0016\" width=\"300\" height=\"225\" srcset=\"http:\/\/www.aek.eus\/blogak\/bilbo\/files\/2016\/10\/IMG-20161019-WA0016-300x225.jpg 300w, http:\/\/www.aek.eus\/blogak\/bilbo\/files\/2016\/10\/IMG-20161019-WA0016-1024x768.jpg 1024w, http:\/\/www.aek.eus\/blogak\/bilbo\/files\/2016\/10\/IMG-20161019-WA0016.jpg 1600w\" sizes=\"auto, (max-width: 300px) 100vw, 300px\" \/><\/a><\/td>\n<\/tr>\n<\/tbody>\n<\/table>\n<h3 style=\"text-align: center\"><strong>Argazki gehiago <a href=\"https:\/\/www.flickr.com\/photos\/euskalakariaek\/\" target=\"_blank\">hemen<\/a>!!!<\/strong><\/h3>\n<p>[:es]Este a\u00f1o nos hemos animado y hemos comenzado el curso &#8220;a lo grande&#8221;!!! A lo locoooo!!!<\/p>\n<p>Hoy, 19 de octubre, hemos celebrado una fiesta de inicio de curso, para conocernos y pasarlo bien mientras aprendemos algo de euskera!!! jejeje&#8230; Para ello, nos hemos reunido en Bilborock m\u00e1s de 100 alumn@s y profesor@s; adem\u00e1s, hemos tenido con nosotros a&#8230;.<strong><span style=\"color: #0000ff\"> KIKE AMONARRIZ!!!<\/span><\/strong><\/p>\n<p>Lo hemos pasado genial con Kike!!! Nos ha hecho reir, nos ha entretenido&#8230; nos hemos re\u00eddo un mont\u00f3n en euskera y con euskera!!! Habr\u00e1 que llenar de positivismo y buen rollo esto de ir a un euskaltegi, no??? No todo va a ser hacer millones de ex\u00e1menes, pruebas e idazlanas!!! jeeejejeje<span style=\"color: #0000ff\"><strong><br \/>\n<\/strong><\/span><\/p>\n<p><strong><span style=\"color: #0000ff\">Asi que&#8230; ESKERRIK ASKO, KIKE!!!<\/span> <\/strong><\/p>\n<p>Despu\u00e9s de reirnos con Kike, hemos dado paso al concurso por equipos llamado &#8220;Berbaditza&#8221;: hemos tenido tribial, preguntas de verdad\/mentira, canciones&#8230; en fin, que un poquito de todo para amenizar la ma\u00f1ana!!! Lo hab\u00e9is hecho todos estupendamente!!! Y, para finalizar, despu\u00e9s de repartir los premios a los integrantes del equipo ganador, algunos incluso se han animado a ir a potear por el Casco Viejo!!! No hay costumbre m\u00e1s vasca que la del poteo!!! jajaja<\/p>\n<p style=\"text-align: center\">Bueno, pues eso&#8230;<\/p>\n<h2 style=\"text-align: center\"><span style=\"color: #008080\"><strong>ZORIONAK A TODOS, ESKERRIK ASKO POR ESTAR CON NOSOTROS ESTA MA\u00d1ANA&#8230;\u00a0<span style=\"color: #0000ff\"> ETA ESKERRIK ASKO, KIKE!!!<\/span><\/strong><\/span><\/h2>\n<p><a href=\"http:\/\/www.aek.eus\/blogak\/bilbo\/files\/2016\/10\/30132198050_47b0ff42ff_o.jpg\"><img loading=\"lazy\" decoding=\"async\" class=\"aligncenter wp-image-2197\" src=\"http:\/\/www.aek.eus\/blogak\/bilbo\/files\/2016\/10\/30132198050_47b0ff42ff_o-1024x578.jpg\" alt=\"30132198050_47b0ff42ff_o\" width=\"600\" height=\"339\" srcset=\"http:\/\/www.aek.eus\/blogak\/bilbo\/files\/2016\/10\/30132198050_47b0ff42ff_o-1024x578.jpg 1024w, http:\/\/www.aek.eus\/blogak\/bilbo\/files\/2016\/10\/30132198050_47b0ff42ff_o-300x169.jpg 300w\" sizes=\"auto, (max-width: 600px) 100vw, 600px\" \/><\/a><\/p>\n<table style=\"height: 444px\" width=\"716\">\n<tbody>\n<tr>\n<td style=\"text-align: center\"><a href=\"http:\/\/www.aek.eus\/blogak\/bilbo\/files\/2016\/10\/IMG_20161019_101408581.jpg\"><img loading=\"lazy\" decoding=\"async\" class=\"size-medium wp-image-2192 alignright\" src=\"http:\/\/www.aek.eus\/blogak\/bilbo\/files\/2016\/10\/IMG_20161019_101408581-300x169.jpg\" alt=\"IMG_20161019_101408581\" width=\"300\" height=\"169\" srcset=\"http:\/\/www.aek.eus\/blogak\/bilbo\/files\/2016\/10\/IMG_20161019_101408581-300x169.jpg 300w, http:\/\/www.aek.eus\/blogak\/bilbo\/files\/2016\/10\/IMG_20161019_101408581-1024x576.jpg 1024w\" sizes=\"auto, (max-width: 300px) 100vw, 300px\" \/><\/a><\/td>\n<td><a href=\"http:\/\/www.aek.eus\/blogak\/bilbo\/files\/2016\/10\/IMG-20161019-WA0011.jpg\"><img loading=\"lazy\" decoding=\"async\" class=\" wp-image-2191 alignleft\" src=\"http:\/\/www.aek.eus\/blogak\/bilbo\/files\/2016\/10\/IMG-20161019-WA0011-300x225.jpg\" alt=\"IMG-20161019-WA0011\" width=\"231\" height=\"173\" srcset=\"http:\/\/www.aek.eus\/blogak\/bilbo\/files\/2016\/10\/IMG-20161019-WA0011-300x225.jpg 300w, http:\/\/www.aek.eus\/blogak\/bilbo\/files\/2016\/10\/IMG-20161019-WA0011-1024x768.jpg 1024w, http:\/\/www.aek.eus\/blogak\/bilbo\/files\/2016\/10\/IMG-20161019-WA0011.jpg 1600w\" sizes=\"auto, (max-width: 231px) 100vw, 231px\" \/><\/a><\/td>\n<\/tr>\n<tr>\n<td><a href=\"http:\/\/www.aek.eus\/blogak\/bilbo\/files\/2016\/10\/IMG-20161019-WA0027.jpg\"><img loading=\"lazy\" decoding=\"async\" class=\"size-medium wp-image-2190 alignright\" src=\"http:\/\/www.aek.eus\/blogak\/bilbo\/files\/2016\/10\/IMG-20161019-WA0027-300x225.jpg\" alt=\"IMG-20161019-WA0027\" width=\"300\" height=\"225\" srcset=\"http:\/\/www.aek.eus\/blogak\/bilbo\/files\/2016\/10\/IMG-20161019-WA0027-300x225.jpg 300w, http:\/\/www.aek.eus\/blogak\/bilbo\/files\/2016\/10\/IMG-20161019-WA0027-1024x768.jpg 1024w, http:\/\/www.aek.eus\/blogak\/bilbo\/files\/2016\/10\/IMG-20161019-WA0027.jpg 1600w\" sizes=\"auto, (max-width: 300px) 100vw, 300px\" \/><\/a><\/td>\n<td><a href=\"http:\/\/www.aek.eus\/blogak\/bilbo\/files\/2016\/10\/IMG-20161019-WA0016.jpg\"><img loading=\"lazy\" decoding=\"async\" class=\"size-medium wp-image-2189 alignleft\" src=\"http:\/\/www.aek.eus\/blogak\/bilbo\/files\/2016\/10\/IMG-20161019-WA0016-300x225.jpg\" alt=\"IMG-20161019-WA0016\" width=\"300\" height=\"225\" srcset=\"http:\/\/www.aek.eus\/blogak\/bilbo\/files\/2016\/10\/IMG-20161019-WA0016-300x225.jpg 300w, http:\/\/www.aek.eus\/blogak\/bilbo\/files\/2016\/10\/IMG-20161019-WA0016-1024x768.jpg 1024w, http:\/\/www.aek.eus\/blogak\/bilbo\/files\/2016\/10\/IMG-20161019-WA0016.jpg 1600w\" sizes=\"auto, (max-width: 300px) 100vw, 300px\" \/><\/a><\/td>\n<\/tr>\n<\/tbody>\n<\/table>\n<h2 style=\"text-align: center\">M\u00e1s fotos <a href=\"https:\/\/www.flickr.com\/photos\/euskalakariaek\/\" target=\"_blank\">aqu\u00ed<\/a>!!!<\/h2>\n<p>[:]<\/p>\n","protected":false},"excerpt":{"rendered":"<p>[:eu]Aurten animatu gara eta ikasturteari ekin diogu &#8220;a lo grande&#8221;!!! A lo locooooo!!! Gaur, urriak 19, kurtso hasierako jaia ospatu dugu Bilborocken: 100 ikasle baino gehiago etorri zarete (ESKERRIK ASKO!!!) eta gurekin izan dugu KIKE AMONARRIZ!!! Primeran pasa dugu Kikerekin!!!: barre eragin digu, entretenitu gaitu&#8230; euskararekin eta euskaraz barre egin dugu!!! Gure ikasle gaixoen sufrimenduak, [&hellip;]<\/p>\n","protected":false},"author":32,"featured_media":0,"parent":0,"menu_order":0,"comment_status":"closed","ping_status":"closed","template":"","meta":{"footnotes":""},"class_list":["post-2188","page","type-page","status-publish","czr-hentry"],"featured_image_src":null,"featured_image_src_square":null,"_links":{"self":[{"href":"http:\/\/www.aek.eus\/blogak\/bilbo\/wp-json\/wp\/v2\/pages\/2188","targetHints":{"allow":["GET"]}}],"collection":[{"href":"http:\/\/www.aek.eus\/blogak\/bilbo\/wp-json\/wp\/v2\/pages"}],"about":[{"href":"http:\/\/www.aek.eus\/blogak\/bilbo\/wp-json\/wp\/v2\/types\/page"}],"author":[{"embeddable":true,"href":"http:\/\/www.aek.eus\/blogak\/bilbo\/wp-json\/wp\/v2\/users\/32"}],"replies":[{"embeddable":true,"href":"http:\/\/www.aek.eus\/blogak\/bilbo\/wp-json\/wp\/v2\/comments?post=2188"}],"version-history":[{"count":5,"href":"http:\/\/www.aek.eus\/blogak\/bilbo\/wp-json\/wp\/v2\/pages\/2188\/revisions"}],"predecessor-version":[{"id":2199,"href":"http:\/\/www.aek.eus\/blogak\/bilbo\/wp-json\/wp\/v2\/pages\/2188\/revisions\/2199"}],"wp:attachment":[{"href":"http:\/\/www.aek.eus\/blogak\/bilbo\/wp-json\/wp\/v2\/media?parent=2188"}],"curies":[{"name":"wp","href":"https:\/\/api.w.org\/{rel}","templated":true}]}}