{"id":1592,"date":"2016-01-07T23:29:12","date_gmt":"2016-01-07T22:29:12","guid":{"rendered":"http:\/\/www.aek.eus\/blogak\/bilbo\/?page_id=1592"},"modified":"2022-03-17T10:41:12","modified_gmt":"2022-03-17T09:41:12","slug":"korrika","status":"publish","type":"page","link":"https:\/\/www.aek.eus\/blogak\/bilbo\/korrika\/","title":{"rendered":"BADATOR 22.KORRIKA"},"content":{"rendered":"\n<p><strong>BILBOKO AUZOAK KORRIKA BEROTZEN HASI DIRA!<\/strong><\/p>\n\n\n\n<p>Gero eta hurbilago daukagu 22. Korrika, eta Bilboko auzo batzuetan motorrak mugitzen hasi dira. Gaur bertan, Deustualdean, mintzodromoa eta bertso-saioa egingo dituzte. Eta bihartik aurrera, Zorrotzan, hainbat ekintza egingo dituzte Korrika bera bertatik pasatu arte. Animatu eta parte hartu!<\/p>\n\n\n\n<figure class=\"wp-block-gallery columns-3 is-cropped wp-block-gallery-1 is-layout-flex wp-block-gallery-is-layout-flex\"><ul class=\"blocks-gallery-grid\"><li class=\"blocks-gallery-item\"><figure><img loading=\"lazy\" decoding=\"async\" width=\"724\" height=\"1024\" src=\"http:\/\/www.aek.eus\/blogak\/bilbo\/files\/2022\/03\/IMG-20220315-WA0002-3-724x1024.jpg\" alt=\"\" data-id=\"3459\" data-full-url=\"http:\/\/www.aek.eus\/blogak\/bilbo\/files\/2022\/03\/IMG-20220315-WA0002-3.jpg\" data-link=\"http:\/\/www.aek.eus\/blogak\/bilbo\/korrika\/img-20220315-wa0002-3\/\" class=\"wp-image-3459\" srcset=\"https:\/\/www.aek.eus\/blogak\/bilbo\/files\/2022\/03\/IMG-20220315-WA0002-3-724x1024.jpg 724w, https:\/\/www.aek.eus\/blogak\/bilbo\/files\/2022\/03\/IMG-20220315-WA0002-3-212x300.jpg 212w, https:\/\/www.aek.eus\/blogak\/bilbo\/files\/2022\/03\/IMG-20220315-WA0002-3-768x1086.jpg 768w, https:\/\/www.aek.eus\/blogak\/bilbo\/files\/2022\/03\/IMG-20220315-WA0002-3-1086x1536.jpg 1086w, https:\/\/www.aek.eus\/blogak\/bilbo\/files\/2022\/03\/IMG-20220315-WA0002-3.jpg 1131w\" sizes=\"auto, (max-width: 724px) 100vw, 724px\" \/><\/figure><\/li><li class=\"blocks-gallery-item\"><figure><img decoding=\"async\" src=\"http:\/\/www.aek.eus\/blogak\/bilbo\/files\/2022\/03\/KorrikaBertsoBazkaria-3-828x1024.jpg\" alt=\"\" data-id=\"3460\" data-full-url=\"http:\/\/www.aek.eus\/blogak\/bilbo\/files\/2022\/03\/KorrikaBertsoBazkaria-3.jpg\" data-link=\"http:\/\/www.aek.eus\/blogak\/bilbo\/korrika\/korrikabertsobazkaria-3\/\" class=\"wp-image-3460\" \/><\/figure><\/li><li class=\"blocks-gallery-item\"><figure><img decoding=\"async\" src=\"http:\/\/www.aek.eus\/blogak\/bilbo\/files\/2022\/03\/KorrikaEgitaraua-2-828x1024.jpg\" alt=\"\" data-id=\"3461\" data-full-url=\"http:\/\/www.aek.eus\/blogak\/bilbo\/files\/2022\/03\/KorrikaEgitaraua-2.jpg\" data-link=\"http:\/\/www.aek.eus\/blogak\/bilbo\/korrika\/korrikaegitaraua-2\/\" class=\"wp-image-3461\" \/><\/figure><\/li><\/ul><\/figure>\n\n\n\n<p><strong>GORDE DATA GARRANTZITSU BI DATORREN ASTERAKO!<\/strong><\/p>\n\n\n\n<p>Korrikarekin batera Bilbo mugitzen ari da, eta datorren astean bi hitzordu izango ditugu Korrikako ekitaldien barruan:<\/p>\n\n\n\n<ul class=\"wp-block-list\"><li>Martxoaren 9an, Bilborocken, Korrikaren aurkezpena egingo dugu, eta horren ostean kontzertua ere egongo da. Eta adi! Sorpresaren bat ere badaukagu prestatuta!<\/li><\/ul>\n\n\n\n<div class=\"wp-block-image\"><figure class=\"aligncenter size-large is-resized\"><img loading=\"lazy\" decoding=\"async\" src=\"http:\/\/www.aek.eus\/blogak\/bilbo\/files\/2022\/03\/Bilbo-KORRIKA-aurkezpena-724x1024.jpg\" alt=\"\" class=\"wp-image-3422\" width=\"360\" height=\"509\" srcset=\"https:\/\/www.aek.eus\/blogak\/bilbo\/files\/2022\/03\/Bilbo-KORRIKA-aurkezpena-724x1024.jpg 724w, https:\/\/www.aek.eus\/blogak\/bilbo\/files\/2022\/03\/Bilbo-KORRIKA-aurkezpena-212x300.jpg 212w, https:\/\/www.aek.eus\/blogak\/bilbo\/files\/2022\/03\/Bilbo-KORRIKA-aurkezpena-768x1086.jpg 768w, https:\/\/www.aek.eus\/blogak\/bilbo\/files\/2022\/03\/Bilbo-KORRIKA-aurkezpena-1086x1536.jpg 1086w, https:\/\/www.aek.eus\/blogak\/bilbo\/files\/2022\/03\/Bilbo-KORRIKA-aurkezpena-1448x2048.jpg 1448w, https:\/\/www.aek.eus\/blogak\/bilbo\/files\/2022\/03\/Bilbo-KORRIKA-aurkezpena-scaled.jpg 1810w\" sizes=\"auto, (max-width: 360px) 100vw, 360px\" \/><\/figure><\/div>\n\n\n\n<ul class=\"wp-block-list\"><li>Martxoaren 11n, Euskalduna Jauregian, Korrika Kulturalaren barruan &#8220;Hautsi da Anphora&#8221; ikuskizuna egongo da. Ruper Ordorika, Bernardo Atxaga eta hainbat lagun elkartuko dira diska horren 40. urteurrenaren harira.<\/li><\/ul>\n\n\n\n<div class=\"wp-block-image\"><figure class=\"aligncenter size-large is-resized\"><img loading=\"lazy\" decoding=\"async\" src=\"http:\/\/www.aek.eus\/blogak\/bilbo\/files\/2022\/03\/Kulturala-A3-HautsidaAnphora-bilbo-724x1024.jpg\" alt=\"\" class=\"wp-image-3423\" width=\"378\" height=\"535\" srcset=\"https:\/\/www.aek.eus\/blogak\/bilbo\/files\/2022\/03\/Kulturala-A3-HautsidaAnphora-bilbo-724x1024.jpg 724w, https:\/\/www.aek.eus\/blogak\/bilbo\/files\/2022\/03\/Kulturala-A3-HautsidaAnphora-bilbo-212x300.jpg 212w, https:\/\/www.aek.eus\/blogak\/bilbo\/files\/2022\/03\/Kulturala-A3-HautsidaAnphora-bilbo-768x1086.jpg 768w, https:\/\/www.aek.eus\/blogak\/bilbo\/files\/2022\/03\/Kulturala-A3-HautsidaAnphora-bilbo-1086x1536.jpg 1086w, https:\/\/www.aek.eus\/blogak\/bilbo\/files\/2022\/03\/Kulturala-A3-HautsidaAnphora-bilbo-1448x2048.jpg 1448w, https:\/\/www.aek.eus\/blogak\/bilbo\/files\/2022\/03\/Kulturala-A3-HautsidaAnphora-bilbo.jpg 1754w\" sizes=\"auto, (max-width: 378px) 100vw, 378px\" \/><\/figure><\/div>\n\n\n\n<p>Hurbiltzen ari da Korrikaren 22. edizioa. Aurten Amurriotik Donostiara egingo du bidea, 2500 kilometrotik gora martxoaren 31tik apirilaren 10era. Egon adi arg<\/p>\n\n\n\n<p>itaratuko diren hitzordu eta ekimenetara!<\/p>\n\n\n\n<figure class=\"wp-block-image size-large is-resized\"><img loading=\"lazy\" decoding=\"async\" src=\"http:\/\/www.aek.eus\/blogak\/bilbo\/files\/2022\/02\/indizea.jpeg\" alt=\"\" class=\"wp-image-3420\" width=\"372\" height=\"328\" \/><\/figure>\n\n\n<p>[:eu]<\/p>\n<h3><strong>ZER DA KORRIKA?<\/strong><\/h3>\n<p><strong><a href=\"http:\/\/www.aek.eus\/blogak\/bilbo\/files\/2016\/01\/lekukoakorrika-300x200.jpg\"><img loading=\"lazy\" decoding=\"async\" class=\"alignright wp-image-1993 size-medium\" src=\"http:\/\/www.aek.eus\/blogak\/bilbo\/files\/2016\/01\/lekukoakorrika-300x200-300x200.jpg\" alt=\"lekukoakorrika-300x200\" width=\"300\" height=\"200\"><\/a><\/strong>Korrika Euskal Herri osoan zehar egiten den euskararen aldeko lasterketa erraldoia da. Gure hizkuntzaren aldeko kontzientzia suspertzea eta gau-eskola zein euskaltegien eguneroko lana indartzeko dirua biltzea ditu helburu.<\/p>\n<p>1980an Euskal Herria O\u00f1atitik Bilbora zeharkatu zuen 1. Korrika antolatu zenetik, euskararen alde antolatzen den ekitaldirik jendetsuena eta garrantzitsuenetakoa da. Ordudanik, 18 Korrika eta 34 urte igaro dira.<\/p>\n<p>2015eko martxoaren 19an hasita, 11 egunez eta gelditu gabe, Euskal Herria zeharkatuko du Korrikak hemeretzigarren aldiz. Bi mila kilometro baino gehiago euskararen alde, adin eta mota guztietako milaka korrikalarirekin, gau eta egun gelditu gabe.<\/p>\n<p>Korrika hasi eta amaitu arte, lekukoa pasatzen da eskuz esku eta kilometroz kilometro korrikalarien artean; lekuko horren barruan, euskaldun ezagun batek Korrika helmugara iristean irakurriko duen mezua doa, ordura arte sekretupean gordetzen dena.<\/p>\n<p>Ehunka mila lagun izan dira parte-hartzaileak aurreko Korrika edizioetan. Korrikaren inguruan sortzen den mugimenduak Euskal Herriko jendarteak bere hizkuntza berreskuratzearen alde egindako hautua erakusten du. Korrika Euskal Herriko jendartea astintzen duen gertakari bilakatu da. Bi urterik behin egiten den lasterketan parte hartzen duen jende kopuruak gora egiten du etengabe, Korrikaren antolaketan milaka lagun aritzen dira herriz herri eta auzoz auzo eratutako batzordeetan, eta kanpainak irauten duen bitartean ehunka jaialdi, kultur ekitaldi eta abar antolatu ohi dira.<\/p>\n<h3><strong>NORK ANTOLATZEN DU?<\/strong><\/h3>\n<p><strong><a href=\"http:\/\/www.aek.eus\/blogak\/bilbo\/files\/2016\/05\/img_4241-2jpg_26677013873_o.jpg\"><img loading=\"lazy\" decoding=\"async\" class=\"alignright wp-image-1914 size-medium\" src=\"http:\/\/www.aek.eus\/blogak\/bilbo\/files\/2016\/05\/img_4241-2jpg_26677013873_o-300x200.jpg\" alt=\"img_4241-2jpg_26677013873_o\" width=\"300\" height=\"200\" srcset=\"https:\/\/www.aek.eus\/blogak\/bilbo\/files\/2016\/05\/img_4241-2jpg_26677013873_o-300x200.jpg 300w, https:\/\/www.aek.eus\/blogak\/bilbo\/files\/2016\/05\/img_4241-2jpg_26677013873_o-1024x683.jpg 1024w\" sizes=\"auto, (max-width: 300px) 100vw, 300px\" \/><\/a><\/strong><a href=\"http:\/\/www.aek.eus\" target=\"_blank\" rel=\"noopener noreferrer\">AEK<\/a>-k antolatzen du Korrika: euskararen berreskuratzea eta Euskal Herriaren berreuskalduntzea xede duen erakundea. Hori lortzeko, helduen euskalduntze eta alfabetatze alorrak jorratzen ditu batik bat: euskara eskolak, ikerkuntza, material didaktikoen sorkuntza, irakasleak prestatzeko ikastaroak&#8230; Baina baita kultur ekitaldien antolakuntza, euskara erabiltzeko mintzapraktika programak, lantegi eta erakundeen normalizazio planen diseinu eta gauzapena eta euskararen aldeko kontzientziatze kanpainak ere.<\/p>\n<p><\/p>\n<p>Gehiago jakin nahi baduzu, <a href=\"http:\/\/www.korrika.eus\">hemen<\/a> klikatu.[:es]<\/p>\n<h3>\u00bfQU\u00c9 ES KORRIKA?<\/h3>\n<p><a href=\"http:\/\/www.aek.eus\/blogak\/bilbo\/files\/2016\/01\/lekukoakorrika-300x200-1.jpg\"><img loading=\"lazy\" decoding=\"async\" class=\"size-full wp-image-1994 alignright\" src=\"http:\/\/www.aek.eus\/blogak\/bilbo\/files\/2016\/01\/lekukoakorrika-300x200-1.jpg\" alt=\"lekukoakorrika-300x200\" width=\"300\" height=\"200\"><\/a>Korrika es una carrera a favor del euskara que recorre toda Euskal Herria. El objetivo de dicha carrera es doble: por una parte, impulsar la concienciaci\u00f3n a favor del euskara, y por otra, recabar fondos para llevar a cabo dicho trabajo d\u00eda a d\u00eda en los centros de aprendizaje de euskara de <a href=\"http:\/\/www.aek.org\/\">AEK<\/a>.<\/p>\n<p>Desde la primera edici\u00f3n de Korrika, que se celebr\u00f3 en 1980 y se desarroll\u00f3 desde O\u00f1ati hasta Bilbao, Korrika se ha convertido en uno de los actos m\u00e1s importantes a favor del euskara, por el n\u00famero de personas que logra aglutinar. Ya se han realizado 18 ediciones de Korrika en los \u00faltimos 34 a\u00f1os, y el 19 de marzo del 2015 comenzar\u00e1 una nueva edici\u00f3n que recorrer\u00e1 durante 11 d\u00edas m\u00e1s de 2.000 kil\u00f3metros, sin detenerse en ning\u00fan momento y con la participaci\u00f3n de cientos de miles de personas de toda edad y condici\u00f3n.<\/p>\n<p>Durante la carrera los corredores portan un testigo que va pasando de mano en mano, kil\u00f3metro a kil\u00f3metro. Dicho testigo lleva en su interior un mensaje que no se hace p\u00fablico hasta el \u00faltimo momento, cuando es le\u00eddo al concluir la carrera.<\/p>\n<p>Se estima que han sido varios cientos de miles los participantes de Korrika en anteriores ediciones. Una participaci\u00f3n, adem\u00e1s, que aumenta de edici\u00f3n en edici\u00f3n. Este dato y el movimiento que se organiza alrededor de Korrika reflejan en toda su magnitud la decidida apuesta que la sociedad vasca hace a favor del euskara. Korrika se ha convertido en un acontecimiento que cada dos a\u00f1os moviliza a toda la sociedad de Euskal Herria. En la organizaci\u00f3n de Korrika participan miles de personas a trav\u00e9s de los comit\u00e9s que se forman en los pueblos y barrios, y durante la carrera propiamente dicha se organizan cientos de actividades culturales y l\u00fadicas.<\/p>\n<h3>\u00bfQUI\u00c9N ORGANIZA KORRIKA?<\/h3>\n<h3><a href=\"http:\/\/www.aek.eus\/blogak\/bilbo\/files\/2016\/05\/img_4241-2jpg_26677013873_o.jpg\"><img loading=\"lazy\" decoding=\"async\" class=\"alignright wp-image-1914 size-medium\" src=\"http:\/\/www.aek.eus\/blogak\/bilbo\/files\/2016\/05\/img_4241-2jpg_26677013873_o-300x200.jpg\" alt=\"img_4241-2jpg_26677013873_o\" width=\"300\" height=\"200\" srcset=\"https:\/\/www.aek.eus\/blogak\/bilbo\/files\/2016\/05\/img_4241-2jpg_26677013873_o-300x200.jpg 300w, https:\/\/www.aek.eus\/blogak\/bilbo\/files\/2016\/05\/img_4241-2jpg_26677013873_o-1024x683.jpg 1024w\" sizes=\"auto, (max-width: 300px) 100vw, 300px\" \/><\/a><\/h3>\n<p>AEK es la encargada de organizar Korrika. <a href=\"http:\/\/www.aek.org\/\">AEK<\/a> es una organizaci\u00f3n que tiene como objetivo la recuperaci\u00f3n del euskara y la reeuskaldunizaci\u00f3n de Euskal Herria. Para lograr dicho objetivo trabaja en el campo de la euskaldunizaci\u00f3n y alfabetizaci\u00f3n de adultos, as\u00ed como en la investigaci\u00f3n y edici\u00f3n de material did\u00e1ctico, preparaci\u00f3n de profesorado espec\u00edfico, organizaci\u00f3n de actividades culturales, programas que impulsan la utilizaci\u00f3n del euskara, dise\u00f1o e implementaci\u00f3n de planes de normalizaci\u00f3n para empresas e instituciones y campa\u00f1as de concienciaci\u00f3n.<\/p>\n<p>Si quieres saber m\u00e1s, haz click <a href=\"http:\/\/www.korrika.eus\">aqu\u00ed<\/a>.[:]<\/p>","protected":false},"excerpt":{"rendered":"<p>BILBOKO AUZOAK KORRIKA BEROTZEN HASI DIRA! Gero eta hurbilago daukagu 22. Korrika, eta Bilboko auzo batzuetan motorrak mugitzen hasi dira. Gaur bertan, Deustualdean, mintzodromoa eta bertso-saioa egingo dituzte. Eta bihartik aurrera, Zorrotzan, hainbat ekintza egingo dituzte Korrika bera bertatik pasatu arte. Animatu eta parte hartu! GORDE DATA GARRANTZITSU BI DATORREN ASTERAKO! Korrikarekin batera Bilbo mugitzen [&hellip;]<\/p>\n","protected":false},"author":32,"featured_media":0,"parent":0,"menu_order":0,"comment_status":"open","ping_status":"open","template":"","meta":{"footnotes":""},"class_list":["post-1592","page","type-page","status-publish","czr-hentry"],"featured_image_src":null,"featured_image_src_square":null,"_links":{"self":[{"href":"https:\/\/www.aek.eus\/blogak\/bilbo\/wp-json\/wp\/v2\/pages\/1592","targetHints":{"allow":["GET"]}}],"collection":[{"href":"https:\/\/www.aek.eus\/blogak\/bilbo\/wp-json\/wp\/v2\/pages"}],"about":[{"href":"https:\/\/www.aek.eus\/blogak\/bilbo\/wp-json\/wp\/v2\/types\/page"}],"author":[{"embeddable":true,"href":"https:\/\/www.aek.eus\/blogak\/bilbo\/wp-json\/wp\/v2\/users\/32"}],"replies":[{"embeddable":true,"href":"https:\/\/www.aek.eus\/blogak\/bilbo\/wp-json\/wp\/v2\/comments?post=1592"}],"version-history":[{"count":7,"href":"https:\/\/www.aek.eus\/blogak\/bilbo\/wp-json\/wp\/v2\/pages\/1592\/revisions"}],"predecessor-version":[{"id":3462,"href":"https:\/\/www.aek.eus\/blogak\/bilbo\/wp-json\/wp\/v2\/pages\/1592\/revisions\/3462"}],"wp:attachment":[{"href":"https:\/\/www.aek.eus\/blogak\/bilbo\/wp-json\/wp\/v2\/media?parent=1592"}],"curies":[{"name":"wp","href":"https:\/\/api.w.org\/{rel}","templated":true}]}}