{"id":2106,"date":"2016-09-07T01:29:30","date_gmt":"2016-09-06T23:29:30","guid":{"rendered":"http:\/\/www.aek.eus\/blogak\/bilbo\/?page_id=2106"},"modified":"2020-09-09T18:42:10","modified_gmt":"2020-09-09T16:42:10","slug":"autoikaskuntza-hasiera-urrian","status":"publish","type":"page","link":"https:\/\/www.aek.eus\/blogak\/bilbo\/autoikaskuntza-hasiera-urrian\/","title":{"rendered":"[:eu]Autoikaskuntza 2020-2021[:es]Autoaprendizaje 2020-2021[:]"},"content":{"rendered":"<p>[:eu]<\/p>\n<h2 style=\"text-align: center\"><strong>Autoikaskuntza urrian hasteko<\/strong><\/h2>\n<p>Ordutegi arazoak dituzu? Orduan hauxe da zure aukera! Metodo honen bitartez malgutasunez ikasiko duzu! Urrian hasitako modulazioan eskaintzen dugu 190 orduko ikastaro bat, honela antolatuta:<\/p>\n<ul>\n<li>Astero 20 minutuko tutoretza bat zure tutorearekin (zure ikas-prozesuaren jarraipena egiteko, zalantzak argitzeko&#8230;).<\/li>\n<li>Astero 1&#8217;5 orduko mintza-saio bat autoikaskuntzako ikasle gehiagorekin eta tutore batekin.<\/li>\n<li>Hamabostero 12 bat orduko programazio bat materiala egiteko nahi duzun lekuan (etxean, metroan&#8230;). Hor jasoko dituzu egin beharreko jarduerak: irakurmena, idazlanak&#8230;<\/li>\n<\/ul>\n<p>Gainera, Moodle plataformaren bitartez aukera izango duzu harremanetan egoteko tutorearekin eta autoikaskuntzako ikasle guztiekin!<\/p>\n<p>** Urrian ezin bazara hasi, beste modulazio txikiago bat daukagu: 100 ordu, otsailetik ekainera<\/p>\n<p>Informazio gehiago nahi baduzu, hurbildu gure euskaltegietara!<\/p>\n<p><a href=\"http:\/\/www.aek.eus\/blogak\/bilbo\/files\/2020\/09\/info-orria20-21_page-0001.jpg\"><img loading=\"lazy\" decoding=\"async\" class=\" wp-image-2792 alignleft\" src=\"http:\/\/www.aek.eus\/blogak\/bilbo\/files\/2020\/09\/info-orria20-21_page-0001-725x1024.jpg\" alt=\"\" width=\"595\" height=\"840\" srcset=\"https:\/\/www.aek.eus\/blogak\/bilbo\/files\/2020\/09\/info-orria20-21_page-0001-725x1024.jpg 725w, https:\/\/www.aek.eus\/blogak\/bilbo\/files\/2020\/09\/info-orria20-21_page-0001-212x300.jpg 212w, https:\/\/www.aek.eus\/blogak\/bilbo\/files\/2020\/09\/info-orria20-21_page-0001-768x1085.jpg 768w, https:\/\/www.aek.eus\/blogak\/bilbo\/files\/2020\/09\/info-orria20-21_page-0001.jpg 1241w\" sizes=\"auto, (max-width: 595px) 100vw, 595px\" \/><\/a> <a href=\"http:\/\/www.aek.eus\/blogak\/bilbo\/files\/2020\/09\/info-orria20-21_page-0002.jpg\"><img loading=\"lazy\" decoding=\"async\" class=\" wp-image-2793 alignleft\" src=\"http:\/\/www.aek.eus\/blogak\/bilbo\/files\/2020\/09\/info-orria20-21_page-0002-725x1024.jpg\" alt=\"\" width=\"596\" height=\"842\" srcset=\"https:\/\/www.aek.eus\/blogak\/bilbo\/files\/2020\/09\/info-orria20-21_page-0002-725x1024.jpg 725w, https:\/\/www.aek.eus\/blogak\/bilbo\/files\/2020\/09\/info-orria20-21_page-0002-212x300.jpg 212w, https:\/\/www.aek.eus\/blogak\/bilbo\/files\/2020\/09\/info-orria20-21_page-0002-768x1085.jpg 768w, https:\/\/www.aek.eus\/blogak\/bilbo\/files\/2020\/09\/info-orria20-21_page-0002.jpg 1241w\" sizes=\"auto, (max-width: 596px) 100vw, 596px\" \/><\/a>[:es]<\/p>\n<h2 style=\"text-align: center\"><strong>Autoaprendizaje: inicio en octubre<\/strong><\/h2>\n<p>\u00bfTienes problemas de horarios? \u00a1Pues esta es tu mejor opci\u00f3n! Por medio de este m\u00e9todo podr\u00e1s estudiar con mayor flexibilidad! En el curso que comenzar\u00e1 en octubre ofrecemos 190 horas repartidas de la siguiente manera:<\/p>\n<ul>\n<li>Una tutor\u00eda de 20 minutos a la semana, para hacer el seguimiento de tu proceso de aprendizaje, aclarar dudas&#8230;<\/li>\n<li>Una clase de oral de 1&#8217;5 horas a la semana con otros alumn@s de autoaprendizaje y un tutor\/a.<\/li>\n<li>Una programaci\u00f3n de unas 12 horas que recibir\u00e1s cada 2 semanas. En ella recibir\u00e1s los ejercicios y actividades en papel, para que puedas realizarlos c\u00f3modamente en cualquier sitio (en casa, en el metro&#8230;).<\/li>\n<\/ul>\n<p>Adem\u00e1s, por medio de la plataforma educativa Moodle tendr\u00e1s la oportunidad de compartir dudas, experiencias&#8230; con otr@s alumn@ de autoaprendizaje y podr\u00e1s estar en contacto con ell@s y con tu tutor\/a.<\/p>\n<p>** Si no puedes empezar en octubre, tenemos una modulaci\u00f3n m\u00e1s peque\u00f1a de 100 horas (de febrero a junio)<\/p>\n<p>Si deseas m\u00e1s informaci\u00f3n, \u00a1ac\u00e9rcate a cualquiera de nuestros euskaltegis!<\/p>\n<p><a href=\"http:\/\/www.aek.eus\/blogak\/bilbo\/files\/2020\/09\/info-orria20-21_page-0001.jpg\"><img loading=\"lazy\" decoding=\"async\" class=\" wp-image-2792 alignleft\" src=\"http:\/\/www.aek.eus\/blogak\/bilbo\/files\/2020\/09\/info-orria20-21_page-0001-725x1024.jpg\" alt=\"\" width=\"591\" height=\"835\" srcset=\"https:\/\/www.aek.eus\/blogak\/bilbo\/files\/2020\/09\/info-orria20-21_page-0001-725x1024.jpg 725w, https:\/\/www.aek.eus\/blogak\/bilbo\/files\/2020\/09\/info-orria20-21_page-0001-212x300.jpg 212w, https:\/\/www.aek.eus\/blogak\/bilbo\/files\/2020\/09\/info-orria20-21_page-0001-768x1085.jpg 768w, https:\/\/www.aek.eus\/blogak\/bilbo\/files\/2020\/09\/info-orria20-21_page-0001.jpg 1241w\" sizes=\"auto, (max-width: 591px) 100vw, 591px\" \/><\/a> <a href=\"http:\/\/www.aek.eus\/blogak\/bilbo\/files\/2020\/09\/info-orria20-21_page-0002.jpg\"><img loading=\"lazy\" decoding=\"async\" class=\" wp-image-2793 alignleft\" src=\"http:\/\/www.aek.eus\/blogak\/bilbo\/files\/2020\/09\/info-orria20-21_page-0002-725x1024.jpg\" alt=\"\" width=\"599\" height=\"846\" srcset=\"https:\/\/www.aek.eus\/blogak\/bilbo\/files\/2020\/09\/info-orria20-21_page-0002-725x1024.jpg 725w, https:\/\/www.aek.eus\/blogak\/bilbo\/files\/2020\/09\/info-orria20-21_page-0002-212x300.jpg 212w, https:\/\/www.aek.eus\/blogak\/bilbo\/files\/2020\/09\/info-orria20-21_page-0002-768x1085.jpg 768w, https:\/\/www.aek.eus\/blogak\/bilbo\/files\/2020\/09\/info-orria20-21_page-0002.jpg 1241w\" sizes=\"auto, (max-width: 599px) 100vw, 599px\" \/><\/a>[:]<\/p>\n","protected":false},"excerpt":{"rendered":"<p>[:eu] Autoikaskuntza urrian hasteko Ordutegi arazoak dituzu? Orduan hauxe da zure aukera! Metodo honen bitartez malgutasunez ikasiko duzu! Urrian hasitako modulazioan eskaintzen dugu 190 orduko ikastaro bat, honela antolatuta: Astero 20 minutuko tutoretza bat zure tutorearekin (zure ikas-prozesuaren jarraipena egiteko, zalantzak argitzeko&#8230;). Astero 1&#8217;5 orduko mintza-saio bat autoikaskuntzako ikasle gehiagorekin eta tutore batekin. Hamabostero 12 [&hellip;]<\/p>\n","protected":false},"author":32,"featured_media":0,"parent":0,"menu_order":0,"comment_status":"closed","ping_status":"closed","template":"","meta":{"footnotes":""},"class_list":["post-2106","page","type-page","status-publish","czr-hentry"],"featured_image_src":null,"featured_image_src_square":null,"_links":{"self":[{"href":"https:\/\/www.aek.eus\/blogak\/bilbo\/wp-json\/wp\/v2\/pages\/2106","targetHints":{"allow":["GET"]}}],"collection":[{"href":"https:\/\/www.aek.eus\/blogak\/bilbo\/wp-json\/wp\/v2\/pages"}],"about":[{"href":"https:\/\/www.aek.eus\/blogak\/bilbo\/wp-json\/wp\/v2\/types\/page"}],"author":[{"embeddable":true,"href":"https:\/\/www.aek.eus\/blogak\/bilbo\/wp-json\/wp\/v2\/users\/32"}],"replies":[{"embeddable":true,"href":"https:\/\/www.aek.eus\/blogak\/bilbo\/wp-json\/wp\/v2\/comments?post=2106"}],"version-history":[{"count":10,"href":"https:\/\/www.aek.eus\/blogak\/bilbo\/wp-json\/wp\/v2\/pages\/2106\/revisions"}],"predecessor-version":[{"id":2794,"href":"https:\/\/www.aek.eus\/blogak\/bilbo\/wp-json\/wp\/v2\/pages\/2106\/revisions\/2794"}],"wp:attachment":[{"href":"https:\/\/www.aek.eus\/blogak\/bilbo\/wp-json\/wp\/v2\/media?parent=2106"}],"curies":[{"name":"wp","href":"https:\/\/api.w.org\/{rel}","templated":true}]}}